alse
Is 983756441 prime?
True
Is 60158612213 composite?
True
Is 1119965929 a prime number?
True
Is 94208083867 prime?
False
Is 2435701042 prime?
False
Is 382419959 prime?
False
Is 144054284405 composite?
True
Is 2194225337 prime?
True
Is 10296173 a composite number?
True
Is 352732065095 a prime number?
False
Is 158800463 a prime number?
True
Is 10254585709 prime?
False
Is 223417781 a prime number?
True
Is 32685571 a prime number?
True
Is 40645294511 a prime number?
True
Is 2266147951 a composite number?
False
Is 214909759 a composite number?
True
Is 915546997 a composite number?
False
Is 41986065109 prime?
True
Is 46759049903 composite?
True
Is 2808346227 composite?
True
Is 90706117951 prime?
True
Is 1303040317 a composite number?
True
Is 15467557747 a composite number?
False
Is 4948093121 a composite number?
True
Is 152874989549 a prime number?
True
Is 24838969993 composite?
False
Is 3034305613 composite?
True
Is 607598687 prime?
True
Is 130354538773 a composite number?
False
Is 65818503221 composite?
False
Is 1463796937 a composite number?
False
Is 5524154189 prime?
False
Is 1181405791 a composite number?
False
Is 193089887 composite?
False
Is 6894752321 composite?
False
Is 3044829695 prime?
False
Is 1338908741 prime?
True
Is 18815793203 composite?
False
Is 6475198819 prime?
False
Is 17458710679 a composite number?
True
Is 2330867167 a composite number?
False
Is 8515957297 a prime number?
False
Is 36549654511 a composite number?
False
Is 19129282279 composite?
True
Is 63460863029 composite?
False
Is 8249296067 prime?
True
Is 392480323 a composite number?
True
Is 203962417 composite?
True
Is 31169643781 a composite number?
False
Is 150062509 a prime number?
False
Is 8966880437 prime?
False
Is 257081843 a composite number?
False
Is 86882813 prime?
False
Is 111633271 a composite number?
True
Is 68911493141 a prime number?
False
Is 2671441573 prime?
True
Is 240925369661 a composite number?
False
Is 109112119 a prime number?
True
Is 97375331063 a prime number?
True
Is 3127757753 a composite number?
True
Is 2709736591 prime?
False
Is 130068730697 composite?
True
Is 349132747 composite?
False
Is 75910129 a prime number?
False
Is 8247577197 composite?
True
Is 730092953 prime?
False
Is 17942153531 a prime number?
True
Is 146785087 composite?
True
Is 30980732873 a composite number?
True
Is 55342266179 a prime number?
True
Is 30434956183 composite?
False
Is 3038546171 a prime number?
True
Is 214216699729 a composite number?
True
Is 1301369093 prime?
True
Is 2615521463 prime?
False
Is 25006898949 a prime number?
False
Is 3232727639 composite?
True
Is 22803285701 composite?
True
Is 18245183701 prime?
False
Is 161601161 prime?
True
Is 7626553969 a composite number?
True
Is 70145611 a composite number?
True
Is 33257023 a prime number?
False
Is 54857754337 a composite number?
False
Is 1199699771 a composite number?
False
Is 268417229 prime?
True
Is 170049367 a composite number?
False
Is 442897109 a composite number?
False
Is 21321728017 a composite number?
False
Is 2874261541 a prime number?
False
Is 1112606683 composite?
True
Is 3963013631 composite?
False
Is 9129215881 composite?
True
Is 231387119 prime?
False
Is 15601578359 a composite number?
True
Is 2015580037 a composite number?
False
Is 71759527 composite?
True
Is 13239575507 prime?
True
Is 338446237 prime?
False
Is 867002977 a prime number?
False
Is 30578234759 composite?
False
Is 23635979 prime?
False
Is 13318301319 a composite number?
True
Is 5157105017 a composite number?
True
Is 20754031 a prime number?
False
Is 26849558731 a prime number?
True
Is 20855979973 a composite number?
True
Is 13558515169 prime?
False
Is 133662341 a composite number?
True
Is 930660139 a composite number?
True
Is 3055788133 prime?
True
Is 69212939 a composite number?
False
Is 6441842527 composite?
False
Is 13590089393 a composite number?
True
Is 370329669157 a composite number?
True
Is 199057055 a prime number?
False
Is 36937044883 a prime number?
False
Is 2375146958 composite?
True
Is 55167808639 a composite number?
False
Is 7779937427 a prime number?
False
Is 7257358853 composite?
True
Is 41178694369 prime?
True
Is 12591930181 a composite number?
True
Is 528604793 a prime number?
True
Is 114450421 composite?
False
Is 1669378889 prime?
True
Is 1531484291 a composite number?
False
Is 18367766707 prime?
True
Is 11260126523 a prime number?
True
Is 324340581 prime?
False
Is 8398815097 a prime number?
True
Is 11216442817 a composite number?
False
Is 6975573131 a composite number?
True
Is 2157154231 composite?
True
Is 483555355 a composite number?
True
Is 3610184183 prime?
False
Is 1266587183 prime?
True
Is 4646759597 prime?
True
Is 13050064577 a composite number?
True
Is 4440621859 a composite number?
True
Is 1774743277 prime?
False
Is 1477856153 composite?
True
Is 4242689905 a composite number?
True
Is 8365719239 a prime number?
True
Is 615151639 composite?
False
Is 866040797 a composite number?
False
Is 1442548187 a composite number?
False
Is 2016158549 composite?
False
Is 329645509 prime?
False
Is 3248468459 composite?
False
Is 61853929409 prime?
True
Is 29499088363 a prime number?
True
Is 138906941 a prime number?
True
Is 45456447853 a prime number?
True
Is 1313055283 prime?
True
Is 5990410249 a prime number?
True
Is 174116381707 a prime number?
True
Is 132395022219 prime?
False
Is 19030341377 composite?
True
Is 124420427 composite?
False
Is 1173011471 a composite number?
True
Is 89291927 a prime number?
False
Is 1460942939 composite?
True
Is 310056053 prime?
True
Is 1988057563 a prime number?
True
Is 33943320533 a composite number?
False
Is 2995976959 composite?
True
Is 4775923027 prime?
True
Is 5639285627 prime?
True
Is 7996117 prime?
False
Is 5612008861 a composite number?
True
Is 1831082627 prime?
False
Is 22826986903 prime?
False
Is 5607808711 composite?
False
Is 7620033 prime?
False
Is 619759534759 a prime number?
True
Is 1183015391 a prime number?
True
Is 24368607077 composite?
False
Is 14611283627 composite?
False
Is 31237829107 prime?
True
Is 5139966463 a prime number?
False
Is 138162797 a prime number?
False
Is 4216416181 a prime number?
False
Is 1042619113 a composite number?
True
Is 89822833 a prime number?
False
Is 387058439 prime?
True
Is 20300212843 composite?
False
Is 760632419 a composite number?
True
Is 14322267743 composite?
True
Is 5065757353 a prime number?
False
Is 7011944717 a prime number?
True
Is 29736560363 a composite number?
True
Is 74534129 a composite number?
False
Is 42635269529 prime?
True
Is 4492314721 prime?
True
Is 16902114139 prime?
False
Is 134562782479 prime?
True
Is 1232042519 a composite number?
True
Is 901643719 prime?
False
Is 12876737941 a composite number?
True
Is 7738040509 a composite number?
False
Is 587123853 a composite number?
True
Is 29044576133 a prime number?
True
Is 1379786423 a composite number?
False
Is 60748673 prime?
False
Is 4070166619 a composite number?
True
Is 15628664005 prime?
False
Is 2941731167 prime?
True
Is 30730416191 prime?
False
Is 78253361429 a composite number?
True
Is 217282003 prime?
True
Is 441936413 a composite number?
True
Is 14540287049 composite?
False
Is 32070054121 a prime number?
False
Is 1212043013 composite?
False
Is 779592833 a prime number?
True
Is 14320471999 composite?
False
Is 984665911 prime?
False
Is 124114799 a composite number?
False
Is 83228023559 a prime number?
True
Is 255724106323 composite?
True
Is 4528732853 prime?
True
Is 9445161107 prime?
False
Is 693485909 prime?
False
Is 13523821 prime?
True
Is 13781894207 composite?
True
Is 311570539 a composite number?
True
Is 827839501 composite?
False
Is 17614981551 composite?
True
Is 143947664713 prime?
False
Is 14514229358 a composite number?
True
Is 53417199239 a prime number?
False
Is 296904103 a prime number?
True
Is 264712075351 a prime number?
True
Is 1947697081 composite?
True
Is 145113936151 a prime number?
True
Is 58983117643 composite?
False
Is 2006800337 composite?
True
Is 9453150337 a composite number?
False
Is 2364777535 a prime number?
False
Is 32378846449 a composite number?
True
Is 15043785313 composite?
True
Is 1050642683 prime?
True
Is 4241403071 a composite number?
False
Is 1397611639 composite?
True
Is 33890244137 a prime number?
True
Is 5738377031 prime?